hen 48 is divided by b.
6
Let q(m) = -m**3 + 11*m**2 - 15*m - 9. What is the remainder when q(9) is divided by 4?
2
Suppose -10*g - 572 = -51*g - 3*g. Let m = 142 + 12. Calculate the remainder when m is divided by g.
11
Let q(f) = 14*f - 2. Suppose -2*k - 2*k + 28 = 0. Calculate the remainder when q(k) is divided by 14.
12
Let i(f) = 2*f**3 - 19*f**2 + 22*f. Calculate the remainder when i(9) is divided by 6.
3
Let b(t) = -52*t + 1018. What is the remainder when 285 is divided by b(18)?
39
Suppose 18*l - 171 = 21*l. Let f = l + 69. Let r(x) = -5*x - 9. Calculate the remainder when r(-6) is divided by f.
9
Suppose -32 = 7*y - 9*y. Suppose 3*c - 4 = -4*g - 1, 3 = -2*g + 3*c. Suppose g = 3*x + x - y. Calculate the remainder when 9 is divided by x.
1
Let w be ((-194)/(-8) - 0) + 1/(-4). Suppose 0 = 2*h - 2*i - 24, 0 = 2*h + h + 3*i - w. What is the remainder when 27 is divided by h?
7
Suppose 0 = 2*q - 13 - 1. Let x = 12610 + -12583. Calculate the remainder when x is divided by q.
6
Let x = 75 - 68. Suppose 0 = x*m + 5*m - 276. What is the remainder when 66 is divided by m?
20
Let n be (-3)/(-9) + (-950)/(-3). Let d = n + -177. Suppose 4*x = -x + d. What is the remainder when x is divided by 8?
4
Calculate the remainder when -1 + (568 - 2) + 0 is divided by 81.
79
Suppose -4*u - y + 7 = 4*y, -7 = -u + 4*y. Calculate the remainder when u is divided by (4/2)/(2 - 0).
0
Let m(i) = i**2 + 13*i + 27. Let r(t) = -t - 22. Let y be r(-9). Suppose -4*d = 2*v - 10, 4*d + 20 = -0*d. Calculate the remainder when m(y) is divided by v.
12
Let b = 1349 - 956. Calculate the remainder when b is divided by 66.
63
Let v(u) = 6*u + 57. Let j be v(-9). Suppose w = c - 4*w - 76, -j*w = 3. What is the remainder when c is divided by (10/(-3))/(2/(-15))?
21
Let m = -11 - -17. Suppose -m*p + 74 = -40. What is the remainder when p is divided by (0 - 1)*7*-1?
5
Let r be ((-33)/6)/(7/(-266)). Let d = r + -148. What is the remainder when d is divided by 16?
13
Suppose 0 = 20*y - 18*y - 10. Let r(l) = -l**3 - 3*l**2 + 5*l - 6. What is the remainder when r(-5) is divided by y?
4
Suppose -3*v + 2*w = 3*w - 320, 20 = 4*w. Suppose -v = -2*r + 147. Calculate the remainder when r is divided by 32.
30
Let d = 7 - -3. Let r(v) = 24 + 7*v + 0*v - 5*v - 3*v. Calculate the remainder when 25 is divided by r(d).
11
Let c(k) = k - 4. Let r(n) = -5. Let u(f) = 16. Let y(h) = -10*r(h) - 3*u(h). Let w(l) = -2*c(l) - 5*y(l). What is the remainder when 34 is divided by w(-7)?
10
Suppose -339 = -8*w + 477. Calculate the remainder when w is divided by 8.
6
Suppose 10*c + 5 = 11*c. Suppose 690 = -c*j + 10*j. Calculate the remainder when j is divided by 20.
18
Suppose -62 = 4*c - 4*h + 98, -190 = 4*c + 2*h. Let i = 34 - c. What is the remainder when i is divided by 20?
19
What is the remainder when 328*10/220*11 is divided by 21?
17
Suppose 6*h = -189 + 567. Suppose -o = -h - 19. What is the remainder when o is divided by 21?
19
Suppose -36 - 132 = -6*s. Let r be ((-2)/(-6))/((-2)/(-24)). Calculate the remainder when s is divided by (-2)/r - (-33)/2.
12
Let a(w) be the third derivative of w**4/8 - w**3 - 528*w**2 + 1. Let l = 1 + 2. What is the remainder when 3 is divided by a(l)?
0
Let v(d) = d**3 - 8*d**2 - 9*d + 5. Let g(z) = z**2 - 9*z + 9. What is the remainder when g(9) is divided by v(9)?
4
Let m(t) = -t**2 - 7*t - 9. Let x be m(-6). Let l(a) = a**3 - 1 + 2*a**3 + a - 4*a**3. What is the remainder when 89 is divided by l(x)?
20
Suppose 8*j = 4*d - 800, -2*d + 5*j - 59 = -463. What is the remainder when d is divided by 49?
45
Suppose p - 2*q = -3 + 12, 5*q = p - 6. Let u = -4 + p. What is the remainder when 4/u - 354/(-42) is divided by 6?
3
Suppose -d + m + 17 = 0, -46 = -3*d + 6*m - 2*m. Let k be (3 - 0) + 0 - -3. Calculate the remainder when d is divided by 6 - -1 - (5 - k).
6
Let o(w) = -2*w**3 - 29*w**2 + 14*w - 8. What is the remainder when o(-17) is divided by 18?
11
Let g(s) = -s**2 + 25*s - 23. Calculate the remainder when g(24) is divided by 1.
0
Let n = -116 + 157. What is the remainder when 152 is divided by n?
29
Suppose j + q + 17 = 0, 2*j + 2*q = -j - 50. Let r = j - -22. Suppose -2*o = -134 - r. Calculate the remainder when o is divided by 24.
22
Calculate the remainder when 4 + (165 - 1) + 5 is divided by 10.
3
Let u(j) = -j**2 - 15*j + 34. Let v be u(-17). Suppose -4*z + 160 = -v*z. Calculate the remainder when z is divided by 22.
18
Calculate the remainder when (-7 + 11 - 33)*-7 is divided by 5.
3
Calculate the remainder when -115*78/(-42) + 3/7 is divided by 16.
6
Suppose 21*f - 23*f - 4*w = -218, 0 = -5*f - 3*w + 573. What is the remainder when f is divided by 15?
12
Suppose -5*g - 3*q = -740, -g + 463 = 2*g - 2*q. Let v(n) = 5*n + 50. Let j be v(8). Let x = g - j. What is the remainder when x is divided by 16?
13
Suppose -4*k = -2*w - 90, -70 = -0*k - 3*k + w. Calculate the remainder when k is divided by 17.
8
Let t = 30 - 29. What is the remainder when 21 is divided by t + (10 - -2 - 1)?
9
Let u(y) = -150*y**3 + y**2 - 1. Let c be u(-1). Let g be (10/(-15))/((-2)/c). Suppose -2*t + 2 = -g. What is the remainder when t is divided by 14?
12
Suppose 5*k + 2*m = 259, -6*k + 5*k - 2*m + 55 = 0. Let a(t) = 6*t**2 - t + 1. Let p = -9 - -7. What is the remainder when k is divided by a(p)?
24
Suppose 0 = 4*y + 5*h - 784, -8*h - 196 = -y - 6*h. Calculate the remainder when y is divided by 18.
16
What is the remainder when 148 is divided by (11/(495/(-144)))/(4/(-10))?
4
Suppose -5*w = -q - 12, -2 - 1 = 4*q - 5*w. Suppose -3*i - 5*h - 14 = 0, 5*i - q*h + 4*h - 6 = 0. Calculate the remainder when i is divided by 2.
0
Let m(g) = -g**3 + 3*g**2 - 2*g + 2. Let x = 7 + -6. Let k be 1*(-2)/((-1)/x). What is the remainder when 3 is divided by m(k)?
1
Let y(h) = h - 11. Let r be y(17). Let m be (-1 + -5)/(r/(-9)). Suppose -13*d = -m*d - 248. Calculate the remainder when d is divided by 21.
20
Let m be (-1 - 4)*(-252)/(-6). Let v = -133 - m. What is the remainder when v is divided by 20?
17
Let u = -20 + 49. Calculate the remainder when u is divided by 2 - (63/(-5) - (-20)/(-50)).
14
Calculate the remainder when 108 is divided by 20/350*-7*-40.
12
Let o(u) = u**3 - 4*u + 4. Let m be -3 - (-9)/(36/(-16)). Let v be 7 + -11 - m*1. Calculate the remainder when o(v) is divided by 7.
5
Let w(y) = y**3 - 7*y**2 + 9*y - 18. Let z(c) = c**3 - 2*c**2 - 4*c. Calculate the remainder when w(7) is divided by z(4).
13
Suppose -4*k + 176 = 4*b, 2*k + 6*b - 126 = -k. What is the remainder when k is divided by -2 + (0 - -2) + 25?
21
Let r be (16/6)/((-4)/(-30)). Let m = -16 + r. Suppose m*x = -3*s + 139, -3*s + 77 = x + x. What is the remainder when x is divided by 8?
7
Suppose 483 = -847*l + 854*l. What is the remainder when l is divided by 33?
3
Suppose 3*o + k = -k - 119, -3*o - 3*k = 123. Let i = -27 - o. What is the remainder when (-2)/(-1 - -3) + 40 is divided by i?
9
Suppose 0 = -5*d + 365 + 45. Let j = d + -50. What is the remainder when 189 is divided by j?
29
Suppose -h - 4*v + 5 + 6 = 0, 3*h - 19 = 2*v. Suppose -2*m + h*m = 80. What is the remainder when 95 is divided by m?
15
What is the remainder when 339 is divided by 5/(3/3)*(-114)/(-95)?
3
Let x(z) = -3*z + 4*z + 0*z + 0*z - 10. Suppose -2*t = -5*t + 21. What is the remainder when t is divided by x(12)?
1
Let t(q) = q**2 + 14*q + 28. Let c(a) = 11*a - 2 + 1 - 7*a. What is the remainder when c(7) is divided by t(-13)?
12
Let u(r) = -2*r**3 - 3*r**2 + 7*r + 3. Calculate the remainder when u(-4) is divided by 14.
13
Suppose 6*d + 40 = d. What is the remainder when 77 + (-4)/(-8)*d is divided by 15?
13
Let b be (52/(-20) + -1)/(2/10). What is the remainder when (-4266)/b - (-1 - -4) is divided by 59?
57
Let t(b) = b**2 + 16*b + 112. Calculate the remainder when t(-22) is divided by 19.
16
Let h = 352 + -310. Calculate the remainder when 162 is divided by h.
36
Suppose 82*p - 1950 = 17*p. What is the remainder when 115 is divided by p?
25
Calculate the remainder when 39 is divided by (-8)/(-12)*21/2.
4
Let s be (-6)/(-10) + (-16)/10. Let h be (-273)/(-65) + s/5. What is the remainder when (h + 58)*1/2 is divided by 17?
14
Let d(a) = 3*a - 3. Let z be d(-3). Let i = z + 54. Calculate the remainder when 122 is divided by i.
38
Let d = -9 - -12. S